-c = -l + 87, 0 = -l - 5*c + 120 - 27. Suppose -5*x + 11 = -4*x. Calculate the highest common divisor of x and l.
11
Suppose 0 = -0*m - 3*m + 117. Suppose 0 = -5*r + 1 + m. Suppose 0*g = -g + 16. What is the highest common divisor of r and g?
8
Let v(i) = -i. Let x be v(0). Let a = 1 - -3. Suppose -a*q = -x*q - 16. Calculate the greatest common factor of q and 1.
1
Suppose 29 + 15 = 2*o. Calculate the greatest common factor of 242 and o.
22
Suppose 3 - 1 = i. Let p be 1/(-1) - i/(-1). Calculate the highest common divisor of p and 2.
1
Let i be (-4)/(-16) + (-57)/(-12). What is the greatest common divisor of i and 10?
5
Let g be 2555/77 - (-2)/(-11). Let h = g + -19. What is the highest common factor of 28 and h?
14
Let g be 7*1*(-12)/14. Let a be 44/g*9/(-6). What is the highest common factor of a and 88?
11
Let a(x) = -x**2 - 10*x. Suppose 0 = -8*m + 3*m - 30. Let n be a(m). Calculate the highest common factor of n and 96.
24
Let h(v) = 2*v + 2. Let a be h(-3). Let m = 11 + a. Let o = 52 - m. What is the highest common factor of 5 and o?
5
Suppose -2*j + v = -45, -5*v + 9 = -j + 27. What is the highest common divisor of j and 92?
23
Suppose 2*c - 12 = 2. Suppose c*p - 50 = 2*p. Calculate the highest common factor of 20 and p.
10
Let c(p) = 1 + 0*p**3 - 1 + p**3 + 2*p + 9*p**2. Let f be c(-5). What is the greatest common factor of 10 and f?
10
Let b(t) = -2*t**3 - 3*t**2 + 5*t - 6. Let c be b(-5). What is the greatest common factor of 16 and c?
16
Let b be (-8208)/(-90) + (-2)/10. Calculate the greatest common divisor of b and 13.
13
Let b(g) = g**2 - 20*g + 6. Let p be b(21). Calculate the highest common factor of 9 and p.
9
Let k(i) = 3*i + 4. Let v be k(-3). Let x = v + 12. Calculate the highest common divisor of 56 and x.
7
Suppose 29 = 4*q + 5. Let g be 1*q*5/3. Calculate the highest common divisor of g and 90.
10
Let h = 41 - 30. Calculate the highest common divisor of h and 77.
11
Let s be (-6)/((-12)/10) - -2. What is the greatest common divisor of s and 1?
1
Let r(j) = 10*j**2 + 2. Let t be r(4). Let x(a) = a**3 + 8*a**2 + 9*a. Let l be x(-6). Calculate the highest common divisor of t and l.
18
Let u be (8/10)/(2/25). Let f(g) = 2*g - 2 + 0*g + 8*g - 2*g. Let t be f(4). What is the highest common divisor of u and t?
10
Let w(r) = -r**2 - 4*r + 100. Let q be w(0). Suppose 2*n - 75 = -n. What is the greatest common factor of n and q?
25
Let y = 53 - -45. Calculate the highest common factor of y and 14.
14
Let p(d) = d**3 + 3*d**2 - 5*d - 2. Let n be p(-4). Let g be 2/5 + (-192)/5. Let u be n*(-1)/2*g. What is the greatest common divisor of 57 and u?
19
Let u = -1 + 5. Suppose 3*f - 2*f = -2*g + 4, 0 = -2*f + u. Calculate the greatest common factor of 4 and g.
1
Let b be (-469)/14*4/(-2). Suppose b = j + 3*y - 25, -2*j + 174 = 4*y. Let k = 34 + -23. Calculate the highest common factor of k and j.
11
Let k be 5/(1/5 + 0). What is the highest common divisor of 175 and k?
25
Let m be (-2)/(-5) - (-69)/15. Suppose -5*g + m = 0, -4*n - 2*g = -5*g - 5. Suppose n*t + 112 = 6*t. Calculate the greatest common divisor of 42 and t.
14
Let z be ((-26)/3)/((-2)/3). Let j = 139 - 8. Let s = j + -79. What is the highest common factor of s and z?
13
Let n(t) = -14*t. Let o(b) = -5*b. Let v(q) = -3*n(q) + 8*o(q). Let a be v(1). Let c be 6 + 0/(-1 - a). What is the greatest common factor of c and 15?
3
Let j be -18*(8/6)/2. Suppose 3*w - 20 = 4*i, 3*w - 1 = -4*i + 3. Let n be (i/(-4))/((-2)/j). What is the greatest common divisor of n and 30?
3
Let h be (2/(-4))/(3/30). Let v be 1*(0 - 1)*h. Suppose -80 = -v*i + i. Calculate the highest common divisor of 10 and i.
10
Let w be 8/24 - 16/(-6). Suppose w*n - 5*v - 6 = 24, -v = n - 2. Calculate the greatest common divisor of n and 40.
5
Let m be 38/3*(-9)/(-2). Calculate the greatest common factor of 19 and m.
19
Suppose -3*k + 4 = -8. Let p(r) = 31*r**2 - 3*r - 2. Let n be p(-1). What is the highest common divisor of k and n?
4
Let x = 8 + -23. Let j = 31 + x. Let s(w) = 128*w**2. Let f be s(-1). What is the greatest common divisor of j and f?
16
Suppose 11 = -4*o - 37. Let y be (-3 - -29)/((-3)/o). What is the highest common divisor of 13 and y?
13
Let m = 35 + -28. Let t(a) = -a**2 + 5*a + 1. Let b be t(3). Calculate the highest common factor of m and b.
7
Let n = -71 - -126. Suppose 2*u = -2*j + 7*j - 3, -4*j = u - 31. Calculate the highest common factor of n and u.
11
Let j be ((-1)/1 + 0)*-25. Let z = 43 - j. Let g be 2/9 + 212/18. What is the greatest common divisor of z and g?
6
Let w(h) = -12*h**3 - 4*h**2 - 2*h + 2. Let g be w(-2). Let u = g - 38. Calculate the highest common divisor of u and 12.
12
Suppose 81 = 4*k - 63. Calculate the highest common divisor of k and 36.
36
Let h = -3 - -23. Suppose h + 48 = 2*y. Calculate the highest common divisor of y and 51.
17
Let u(k) = -5*k + 108. Let g be u(14). Calculate the highest common factor of g and 266.
38
Suppose 1 = -4*k + g + 17, 0 = -2*k - 3*g - 6. What is the greatest common factor of 12 and k?
3
Let p = -10 - -7. Let x be p/(-9) + 130/6. What is the greatest common factor of 2 and x?
2
Let h be (0/(-3))/(1 + 1). Let o be 1 - (-23 + h/3). Suppose 2 - o = -2*j. What is the greatest common factor of j and 33?
11
Suppose 2*z - 1 + 3 = 0. Let x = z + 37. What is the highest common divisor of 4 and x?
4
Suppose -4*w + 120 = -0*w. Suppose -3*y + w = -15. Calculate the highest common factor of 6 and y.
3
Let w = 9 - 6. Suppose 18 + w = 3*q. Let k = 17 - q. Calculate the highest common factor of 4 and k.
2
Suppose -r + 100 = 3*r. What is the highest common factor of r and 75?
25
Let k(q) = -2*q + 4. Let m be k(-3). Calculate the highest common divisor of 90 and m.
10
Suppose 0 = -a + i + 25, -4*a + i + 145 = 6*i. Let s(j) = -10*j - 5. Let w be s(-5). What is the greatest common factor of a and w?
15
Let w be (28/6)/(3/18). Let o = -37 - -107. What is the highest common factor of w and o?
14
Let x(z) = -z**2 + 4*z. Let k be x(4). Suppose -4*r + 3 + 33 = k. Calculate the highest common factor of r and 99.
9
Let o be ((-5)/(-1) - -1) + -2. Let m(x) be the second derivative of x**4/4 + x**2 + x. Let h be m(o). Calculate the highest common factor of 10 and h.
10
Let g(s) = -11*s**3 - 5*s**2 - 4*s + 1. Let h be g(-2). Let v = 31 - 46. Let b = -8 - v. What is the highest common divisor of b and h?
7
Let l(j) = 45*j + 13. Let d(a) = 68*a + 20. Let s(f) = -5*d(f) + 8*l(f). Let u be s(7). Calculate the greatest common factor of u and 18.
18
Let p(v) = -2*v - 20. Let h be p(-17). What is the highest common divisor of 14 and h?
14
Suppose -18 + 54 = 6*d. What is the greatest common divisor of 24 and d?
6
Let n = 0 - -1. Calculate the greatest common factor of 4 and n.
1
Suppose 0 = t + 2*g + 2, 6 = t - 3*g + g. What is the highest common divisor of 16 and t?
2
Suppose 0 = 3*s - 2*l - 32, 2*s + 2*s - 38 = -2*l. Let n = 6 - s. Let b = n + 7. What is the greatest common divisor of 6 and b?
3
Let n = 10 + -6. What is the greatest common divisor of 10 and n?
2
Let y(u) = -u - 7. Let r be y(-11). Let h = r - 1. Calculate the highest common factor of h and 1.
1
Suppose -42*x - 30 = -43*x. Calculate the greatest common factor of 240 and x.
30
Let r be 20/3*(-9)/2. Let o be (-36)/r - 2/10. Let k be o/3 + 65/3. What is the highest common factor of 11 and k?
11
Suppose 2*q - 72 = -4. Let m(o) = o - 58. Let n be m(0). Let k = n + 143. What is the highest common divisor of q and k?
17
Let u = 36 + 211. Calculate the highest common factor of u and 13.
13
Let c be -3 - (-4)/(-6)*3. Let p be ((c - 2) + 2)/(-1). Suppose j + 49 = 5*j - 5*k, p*j + 3*k = 15. What is the highest common divisor of 12 and j?
6
Let x be (76/2)/((-16)/(-8)). What is the highest common divisor of 76 and x?
19
Let b(z) = 208*z**3 - z**2 + 1. Let y be b(1). Let x = -6 + 32. Calculate the highest common divisor of y and x.
26
Suppose 3 = 4*b - 33. Suppose b = 4*r - 3. Suppose 85 = r*x + 19. What is the highest common factor of x and 55?
11
Let h be 1 + 168/4 + -1. Calculate the highest common divisor of h and 14.
14
Let w(b) = -b**3 - 22*b**2 - 23*b - 14. Let p be w(-21). What is the greatest common divisor of p and 28?
28
Let s be 2/8 - (-57)/12. Let v = 24 - s. What is the highest common divisor of v an